 the units digit of k?
7
Let y = -116 + 118. Let k(j) = -25 + 2 - 15*j - 5*j**y + 7 + 6 - j**3. What is the units digit of k(-8)?
2
Let o be (-4 - (-45)/10)*20. Suppose 888 = o*l - 3002. Suppose 327 = 4*a - l. What is the units digit of a?
9
Let x = 477 + -474. Suppose -l + 1744 = x*i - 0*i, 0 = -2*i - 3*l + 1172. What is the hundreds digit of i?
5
Let z be ((-14)/(-28))/((-33)/18 - -2). Suppose -z*p - 4*j = -1315, 475 = 3*p - j - 865. What is the units digit of p?
5
Suppose -33*g = -39*g + 21504. Suppose -3*a = 4*k - 2146, -6*k + g = 5*a - 3*k. What is the units digit of a?
8
Suppose 0 = -30*q + 60561 + 123069. What is the tens digit of q?
2
Let a(b) be the first derivative of 2*b**2 + 18 - 2*b + 1/4*b**4 - 5/3*b**3. What is the tens digit of a(5)?
1
Let c = 30 - -64. Let b = 39 - c. Let x = -49 - b. What is the units digit of x?
6
Let j = -12 + 52. What is the units digit of (-2184)/j*(-4 + -1)?
3
Let m(t) be the second derivative of 59*t**4/4 - 2*t**3/3 + t**2/2 + 2*t + 7. What is the hundreds digit of m(-2)?
7
What is the tens digit of (-6)/(-2)*(-686940)/(-180)?
4
Suppose 0 = 3*c - 4*d - 8, -4*d = -4*c + 17 - 5. Suppose -4*k = 4*v + c, 3*k - v + 5 = -3*v. Let u(f) = 6*f**2 - 3*f - 6. What is the tens digit of u(k)?
5
Let d(z) = -z**2 - 23*z - 21. Let y be d(-22). Let k be 20/4 - (26 + y). What is the tens digit of 22/(-6)*(-37 - k)?
5
Let j(y) = 154*y**2 + 145*y - 2261. What is the ten thousands digit of j(14)?
2
Let n be ((-2)/4)/(13/1768). Suppose -4*d = u - d, u = 5*d + 8. What is the units digit of (-1)/(u + 206/n)?
4
Suppose k - 3616 = -c, -7*c + 4*c + 2*k = -10873. What is the tens digit of c?
2
Suppose 8*f + t - 66032 = 0, -4*f + 18*t - 13*t + 33016 = 0. What is the tens digit of f?
5
Let z be (720/32)/15 + (-10)/(-4). Let h(g) = -g - 4. Let y be h(-6). Suppose 2*q - 184 = -2*k, -z*k = -3*q - y*k + 256. What is the tens digit of q?
8
Let u(r) = r**3 + 102*r**2 + 481*r + 24. What is the thousands digit of u(-92)?
0
Suppose -20*l + 8081 = -18819. Suppose 5*o + l + 775 = 5*r, 3*r = -4*o + 1272. What is the units digit of r?
4
Let l = -39 + 47. Let z = l + 6. Suppose -234 = -z*d + 326. What is the tens digit of d?
4
Let o(c) = 2566*c**2 + 90*c - 364. What is the thousands digit of o(6)?
2
Suppose 5*m = 2*b + 37227, b - 6*b = -5*m + 37215. What is the thousands digit of m?
7
Let k = 18992 + -13022. What is the units digit of k?
0
Let s(i) = 2863*i - 95. What is the hundreds digit of s(10)?
5
Suppose 0 = -7*c + 8895 + 6827. Let f = 3190 - c. What is the units digit of f?
4
Suppose -24 = -4*m + m. Suppose -m*x - 56 = -4*x. What is the units digit of (-1180)/x - (-16)/(-56)?
4
Let o(q) = 3*q**2 - 141*q - 182. What is the hundreds digit of o(-33)?
7
What is the units digit of (2*6 + (-758171)/(-151))*2/2?
3
Suppose 2*x + 1604 - 28 = 5*d, 0 = 3*d + 5*x - 927. Let q = d - -221. What is the hundreds digit of q?
5
Suppose -17*c + 21*c - f = 21249, -3*c + f + 15938 = 0. What is the units digit of c?
1
Let z be 1 + 10/(-8) + 19345/212. Suppose 3*w - 125 = -5. Let u = z + w. What is the units digit of u?
1
Suppose i - 24 = -5*d, 4*i - 3*d = 2*d - 29. What is the tens digit of 337 + 5/i*8/(-8)?
4
Let u be 2401/35 + 2/5. Suppose -u*x - 6358 = -80*x. What is the tens digit of x?
7
Suppose u - 5*o - 23380 = 0, -755*u - 3*o - 70152 = -758*u. What is the units digit of u?
5
Suppose -6*p = -290 + 302. What is the thousands digit of -2*((-349)/p - 1)*-3?
1
What is the thousands digit of (13846/258)/(2/354)?
9
Suppose -73962 = -21*t + 27762. What is the units digit of t?
4
Let g be -14 - (-2)/(8/12). Let w = -2 + g. Let t = w + 45. What is the units digit of t?
2
Suppose 2*f + u = 14, -13 = -4*f - u + 17. Suppose 18 = 2*n + f. Suppose -n*y - 2*s + 245 = 2*s, 2*y - 3*s = 98. What is the tens digit of y?
4
Suppose 4*h - 108 = h - 5*c, -4*c - 135 = -3*h. Let l be 4/12*(876 + 3). Let g = l - h. What is the tens digit of g?
5
Suppose -2*k = -18, 4*k + 4610 = 4*b - 50118. What is the tens digit of b?
9
Suppose -v = 14 - 21. Suppose v*k - 112 = -k. Suppose 0 = -k*l + 179 - 39. What is the tens digit of l?
1
Let m = -43 - -52. Suppose -3 = -2*r + h, 3 = -5*r + 3*h + m. Suppose 0*a - 4*a = -r*l + 98, 2*l = -2*a + 42. What is the tens digit of l?
2
Let c = 43 - -3563. Suppose 0 = -31*l + 25*l + c. What is the hundreds digit of l?
6
Let w be 5/25 - (-66)/(-5). Let m(s) = -2*s + 18. Let q(d) = 3*d - 17. Let u(i) = -5*m(i) - 6*q(i). What is the units digit of u(w)?
6
Suppose -10*w + 12*w + 8 = 0. Let q be -133 - ((-1)/w)/(2/(-8)). Let s = -47 - q. What is the tens digit of s?
8
Suppose 3*d = -m - 510, 4*d + 0*m + 2*m + 678 = 0. Let u = d + 299. What is the hundreds digit of u?
1
Suppose 7*m + 1686 = m. Let g = 622 + m. What is the units digit of g?
1
Let g(h) = -30*h**3 + 9*h**2 + 11*h - 2. Let z be g(-5). What is the tens digit of -1 - (z/(-6) + -5)?
5
Let u = 5532 + 14740. What is the ten thousands digit of u?
2
Let b(q) = 380*q - 4. Let o be 14/10 - 18/45. What is the hundreds digit of b(o)?
3
Let w(n) = 75*n - 1387. What is the tens digit of w(21)?
8
Let p = 267 + -283. What is the units digit of (-2)/p - 489/8*-7?
8
Let k(a) = -a**2 - 4*a + 2. Let g be k(-3). Suppose 4*i - 4*h - 20 = 0, 4*i + g*h = i + 15. Suppose i*b - 473 = 62. What is the units digit of b?
7
Let m(l) = 4*l**3 - 12*l**2 + 16*l + 76. Let s(n) = n**3 - 5*n**2 + 6*n + 25. Let d(b) = 2*m(b) - 7*s(b). Let v = 5 + -16. What is the units digit of d(v)?
7
Suppose -3*p - p - 5*f + 27 = 0, -p + 2*f = -10. Let c(u) = -128 + 275 + 18*u - 140. What is the units digit of c(p)?
1
Suppose -41*l - 70 = -6*l. What is the tens digit of (-1)/(l/1760) - 6?
7
Let h(k) = k - 2. Let x be h(5). Suppose 0 = -0*c + 3*c + 4*a - 1883, x*c - 3*a - 1890 = 0. What is the units digit of c?
9
Let r be 2/((-44)/495)*4/6. Let h(s) = 4*s**2 + 2*s + 44. What is the units digit of h(r)?
4
Let t = 86 + -83. Suppose 0*u + 4*y = -5*u + 1260, -t*y + 15 = 0. What is the tens digit of u?
4
Let r = 658 - 655. Suppose -3*h + 1223 = 2*y - r*y, -4*h + 1629 = -y. What is the hundreds digit of h?
4
Let l(k) = 173*k**2 + 6*k - 8. Let p be l(1). What is the tens digit of 40/12*(p - 6) + -1?
4
Let i be -15 - (-2 + 7 + -6). What is the units digit of (1736 + 4)*(i/(-35))/1?
6
Suppose -42*l - 83*l = -616125. What is the hundreds digit of l?
9
Suppose -185460 = 54*k - 588246. What is the thousands digit of k?
7
Let g(a) = a**3 + 22*a**2 - 4*a - 39. What is the tens digit of g(-13)?
3
Let f be (-1558)/14 + (1 - 10/14). Let c = f - -158. Let r = -33 + c. What is the units digit of r?
4
Let b be 3/(-1 - -13) - (-48620)/16. Suppose 2*m - 1639 = -2*p - 133, -4*m = -5*p - b. What is the hundreds digit of m?
7
Let q(y) = 4*y**2 - 65*y + 1871. What is the tens digit of q(94)?
0
Let d be 2/10 + (-6328)/(-10). Suppose a - 27 = d. Suppose -16*s + 11*s = -a. What is the units digit of s?
2
Let i(m) = 23*m**3 - m**2 + 2*m - 21. What is the ten thousands digit of i(8)?
1
Let s be (-2)/1 + (1 - -1). Let n = 1685 - 1833. Let v = s - n. What is the hundreds digit of v?
1
Let s = -1741 + -295. What is the units digit of (s/6 + (-10)/(-30))*-1?
9
Suppose 3*d + f - 62140 = 0, 22*d - 25*d = 4*f - 62134. What is the ten thousands digit of d?
2
Suppose -25*x + 66 = -27*x. Let z = 108 + x. What is the units digit of (78/(-15))/((-6)/z)?
5
Let j(u) = -2*u**3 - 2*u**2 + 12*u - 34. What is the hundreds digit of j(-7)?
4
Let c = 257 - 255. Let t(k) = 155*k - 14. What is the tens digit of t(c)?
9
Suppose -7*c + 2*c = 5*u, c = 2*u + 9. What is the units digit of (-11 - -1290) + u/(6/4)?
7
Let r(x) = 2*x**3 + 39*x**2 + 18*x - 17. Let j be r(-19). Suppose k + 35 = -j*i + 150, -2*i = -2*k - 100. What is the units digit of i?
5
Suppose 29*f = 34*f - 4635. Let i = f + -617. Suppose 21*a = 19*a + i. What is the tens digit of a?
5
Suppose 3*l - 40383 = -y, -4*l + 5*y + 19438 + 34425 = 0. What is the units digit of l?
2
Suppose -11 = 7*q + 3. Let l be ((-45)/(-5))/3 + q. Suppose -2*w - 3*f + 197 = -l, 3*w = -4*f + 298. What is the tens digit of w?
0
Let l = -113506 + 184335. What is the ten thousands digit of l?
7
What is the thousands digit of ((-1)/(-4)*63212)/(3 + -2)?
5
Let n(y) = -y**3 - 7*y**2 + 4. Let r be n(-7). Suppose -r*h + 20 = h. What is the tens digit of (h/8)/(1*(-2)/(